 y. Suppose -g + 195 = -0*f + 5*f, 0 = -d*f - g + 81. Is f prime?
False
Is 213*18 - -3*(1 - 2) a composite number?
True
Suppose 2*s = -3*s + 25. Suppose -s*d = -2583 - 1852. Is d composite?
False
Suppose -2 = -2*a, y = -a + 80 + 21. Suppose 8*r + y = 6*r. Let l = 351 - r. Is l prime?
True
Suppose -r - 11593 = -2*r - 4*l, 4*r + l - 46402 = 0. Suppose 3*q - r = -q - o, 0 = -5*o + 25. Is q a prime number?
False
Suppose 3*g - m - 4532 = 0, -4*m + 1515 = 8*g - 7*g. Is g composite?
False
Let i = 41 + -37. Is 0 + (1308/i)/3 composite?
False
Let y = 7 - 7. Suppose 0 = -y*u - 2*u + 10. Suppose -u*v = 42 - 217. Is v composite?
True
Let l = -116 - -1037. Let w = -365 + l. Suppose -3*x + w = -4*b + 3275, -b + 3*x = -682. Is b a prime number?
False
Suppose 9 = 4*y - 7. Suppose 2552 = y*i - 5244. Is i composite?
False
Let i(t) = 6*t**2 + 2*t + 1. Let z be i(-1). Suppose -c + 0 = -z. Suppose 3*f = c*n + 462, 0*f - 134 = -f - 5*n. Is f prime?
True
Suppose 4*n + 16 = -12. Let j = -6 - n. Let o(g) = 85*g**2 + 2*g - 2. Is o(j) prime?
False
Let z be (-26)/8 + 5/20. Let j = 5 + z. Suppose -5*x - 41 = -j*w, w = -x - x + 43. Is w a composite number?
True
Suppose -4*m + 2787 = -1305. Suppose o = -x - m, x + 2*o = 5*o - 1027. Let h = -539 - x. Is h prime?
False
Suppose 0 = -m - k + 13094, 3*k - 52381 = -0*m - 4*m. Is m a composite number?
False
Let w(q) = -q**2 - 9*q + 14. Let r be w(-10). Suppose -r*n = -21604 - 20376. Is n composite?
True
Let s = -21 - -11. Let f = s - -26. Let v = 19 - f. Is v prime?
True
Let s(o) = 154*o**2 - 45*o + 64. Is s(9) composite?
True
Suppose 48*s = 9*s + 22347. Is s prime?
False
Suppose 51688 = -9*i + 153145. Is i a prime number?
True
Let b(d) = -9*d - 4. Let u be b(-7). Let a be -24*((-10)/(-6))/1. Let i = u + a. Is i a prime number?
True
Suppose 31135 = 25*p - 177690. Is p composite?
False
Let t(r) = r - 3. Let c be t(10). Suppose -2 = -u, -c*u + 68 = 2*q - 2*u. Let i = q + 26. Is i prime?
False
Let r(s) be the second derivative of -9*s**4/4 - 4*s**3/3 - 3*s**2/2 + 2*s. Let w(t) = 54*t**2 + 16*t + 5. Let f(b) = -13*r(b) - 6*w(b). Is f(-4) prime?
True
Let m be ((-3)/6)/(2/(-8)). Suppose -6*o = -m*o + 860. Let d = o + 478. Is d composite?
False
Let i be 30/165 - 4336/11. Let n = i - -605. Is n prime?
True
Let g(k) = -3*k**3 + 4*k**2 - 3*k + 2. Let o be g(2). Let y(v) = 3*v**2 + v - 49. Is y(o) prime?
False
Suppose -1609 = -a - 321. Suppose 4*f - 2230 = -5*k, 5*k + 3*f - 947 = a. Suppose -5*x - 5*h = -3*h - 751, 3*x - k = -h. Is x composite?
False
Suppose 0 = -2*g + 17 + 27. Is 4/g - 113535/(-99) composite?
True
Let l(w) = -w + 4*w + 19 - 4*w. Suppose 9 = 46*s - 45*s + 2*j, 5*j - 9 = -s. Is l(s) composite?
True
Suppose -2*d = -3*m - 548, d + 4*m = -d + 520. Let r = 1083 - d. Is r composite?
True
Let y = -4224 - -2180. Let z = 4211 + y. Is z a composite number?
True
Let p(k) = -65*k + 3. Let u be p(-4). Let s(r) = -r**3 - 14*r**2 - 14*r - 28. Let v be s(-14). Let i = u - v. Is i a composite number?
True
Let j = -31246 - -52959. Is j prime?
True
Let w(y) = -97*y - 191. Is w(-16) a composite number?
False
Let x = 32 - 27. Suppose -3*g + 377 = 3*n - 397, -x*g - n + 1286 = 0. Is g prime?
True
Let b(c) = -467*c - 154. Is b(-3) a prime number?
False
Let a(d) = -3*d**3 + 25*d**2 + 14*d + 11. Let j(z) = 17*z**3 - 125*z**2 - 71*z - 55. Let p(g) = 11*a(g) + 2*j(g). Is p(-19) composite?
False
Let q be (-27)/(-15) + -2 - 224/(-20). Suppose -1591 + 19642 = q*l. Is l composite?
True
Suppose -111 = -2*p - m, -48*m + 12 = -52*m. Is p a composite number?
True
Suppose 2*z - 4*g - 3102 - 3044 = 0, -4*z - g + 12283 = 0. Is z composite?
True
Let n be (36/(-2))/(26/117). Let t(k) = -31*k - 9. Let m be t(-7). Let r = n + m. Is r prime?
True
Let t(j) = -13 + 3*j + 3 + 4*j**2 - 3 - 5*j**2. Let a be t(-6). Let q = 124 - a. Is q a composite number?
False
Suppose 0 = -4*t + 7*t - 18. Let p be 16/t - (-14)/(-21). Is (2763/18)/(p/4) composite?
False
Suppose 7*w - 6803 = 14316. Is w prime?
False
Let n = -11 + 9. Let y be (-7)/(-14)*80/n. Let d = y - -85. Is d prime?
False
Suppose -d + 6*d = 100. Let i = d - -59. Suppose -i = -a + 598. Is a prime?
True
Suppose -4*u + 2842 = 5*x - 134, u = 5*x + 769. Is u composite?
True
Let m be (-806)/(-4) - (-2)/4. Suppose 7*t + 1698 - 5905 = 0. Suppose -t = -3*d - m. Is d prime?
False
Is (-6)/69 + 518378/46 composite?
True
Let o(p) = 1034*p**2 - 3*p - 28. Is o(-3) a prime number?
False
Let s = 147 - 271. Let t = 3489 + s. Is t prime?
False
Let j(g) = 3*g**3 + 3*g**2 + 14. Let r(b) = -2*b**3 - 2*b**2 - 9. Let u(x) = 5*j(x) + 8*r(x). Let y be u(-2). Suppose 0 = i - y*i + 69. Is i a prime number?
False
Suppose 7718 + 6179 = 13*v. Is v a prime number?
True
Let w = 30 + -44. Let g be (-2)/(-6) - (-22)/6. Is 2220/28 + g/w prime?
True
Is ((-24)/30)/4 + 552224/20 composite?
False
Let i(l) = 255*l - 4. Let k be i(4). Suppose -o + 3*a + k = 0, o - a + 1036 = 2*o. Is o composite?
False
Suppose -2*r = -3*b + 3800, 2*b - r - 2536 = r. Let p = b - 737. Is p a composite number?
True
Let q = -44 - -40. Is -2 - (-194 - (q + 3)) composite?
False
Is 3/(-6) + (-3183885)/(-30) a prime number?
True
Suppose -5*f + 6 = -2*l, 0*l + 5*l = -3*f + 16. Suppose -1 = f*y + 1, 4*y + 2880 = 4*r. Is r a composite number?
False
Let x(t) = 3530*t - 37. Is x(1) composite?
True
Suppose -3*k + 8456 = 5*b, 2*b - 6167 = -2*k - 523. Is k a composite number?
True
Let u(x) = x**2 + 4*x - 3. Let h be u(-4). Let d(a) be the third derivative of -a**6/60 - a**5/60 - a**4/6 - 2*a**3/3 + 26*a**2. Is d(h) prime?
True
Let a be (-2 + 1)*(-1 - -2). Is (90 - a) + 3/(9/(-6)) composite?
False
Let i = -9 + 6. Let d be 70/15 + 2/i. Suppose 3*q = -d*n + 767, q - n = -4*q + 1263. Is q prime?
False
Let o = 876 - 1547. Is o/(-5) - (-13)/(-65) a prime number?
False
Let g be (-46)/(-299) - 594/(-26). Suppose g - 208 = -5*h. Is h composite?
False
Suppose 36*w = 34*w + 3842. Is w a composite number?
True
Let q(z) = 3*z**3 + 2*z**2 - 2*z + 4. Let y be q(3). Suppose -279 = -3*o + 3*v, -4*v + y = o - 3*v. Is o prime?
False
Let l(i) = -i**3 + 8*i**2 + 8*i - 14. Let f = 33 - 23. Let o(q) = -q + 17. Let m be o(f). Is l(m) a prime number?
False
Let l(s) = s**3 + 6*s**2 - 5*s - 1. Let x be l(-7). Is 5/x - 466/(-3) a composite number?
True
Is ((-4)/(-12))/((-4)/(-16908)) composite?
False
Suppose 8*s + 13*s = 41727. Is s a prime number?
True
Is 0 - 9/(72/(-308056)) prime?
False
Let k be (-72 + -2)*(-10 - -2). Suppose -5*u - 2*p + k = 37, 0 = -3*u + 2*p + 333. Is u a prime number?
False
Let x = 133035 + -51654. Is x a composite number?
True
Let v(t) = -2*t + 1743 + 3*t**2 - 8*t**2 - 1741 + 3*t + 11*t**3. Is v(3) a prime number?
True
Let k(b) = b**2 + b + 887. Let r(j) = j**2 - 3*j - 10. Let v be r(5). Is k(v) prime?
True
Suppose 10*q + 4*m - 14785 = 9*q, 0 = -q + 3*m + 14750. Is q prime?
False
Suppose 1457 = 6*o - 61. Is o composite?
True
Let i(n) = 760*n - 1. Is i(15) a composite number?
False
Let x(c) = 14*c**3 - 7*c**2 + 7*c - 5. Let q = 9 - 7. Suppose 9 = q*w + 1. Is x(w) a composite number?
True
Let k(w) = -3*w**3 + w**2 - 1. Let t be k(1). Is t + 1 - (-195 - 18) composite?
False
Let w(g) = 16673*g**2 - 13*g + 7. Is w(1) a composite number?
True
Suppose -5*s + 30 = 4*w, -3*s + w = -2*w - 18. Is (2675/(-15) + -2)/((-2)/s) composite?
False
Suppose 9*z - 21945 = 4*z + 4*c, z + 3*c - 4370 = 0. Suppose -o + 2*n = -4*o + 4379, z = 3*o - n. Is o a prime number?
False
Suppose -4*i = -9606 + 1134. Suppose z - 459 - 74 = 2*a, 4*z = a + i. Is z composite?
True
Let o = -1833 - 142. Let c = o - -3474. Is c composite?
False
Let i = -5580 + 15958. Is i a prime number?
False
Let b(y) be the first derivative of 331*y**4/4 + y**2/2 - y - 10. Is b(1) a prime number?
True
Is (-23)/((-1104)/1603552) + 2/(-6) composite?
True
Suppose 0 = -p + 169 + 567. Let z(y) = -y**2 + 13*y - 25. Let k be z(10). Suppose -p = -k*h - 291. Is h composite?
False
Suppose -878 = -11*h + 108275. Is h prime?
True
Suppose 0 = 5*w - g - 24290, -4*w + 24*g = 19*g - 19453. Is w prime?
False
Let i(p) = 18*p - 17. Suppose -4*j - 40 = -9*j + 4*d, 3*d + 7 = -2*j. Is i(j) prime?
False
Suppose -11 = -5*s + 4. Let k be -2*((-487)/(-2) + s). Let v = -350 - k. Is v composite?
True
Suppose -3*v + 152170 - 17725 = 0. Is v prime?
False
Suppose 5*d = 2*d - 5*w +